 = 8 - 4. Suppose -4*x = -2*s - 4, 17 = x - 6*x - 3*s. Let m be -1*(x - -3) + 38. Calculate the greatest common divisor of m and y.
4
Let f(j) = -j**2 + 17*j - 34. Let s be f(13). What is the greatest common factor of 30 and s?
6
Suppose 246 = 5*r + 1. Suppose 0*s = -5*n - 2*s + 31, n + s = 5. What is the highest common divisor of r and n?
7
Let v = -359 + 665. Calculate the greatest common factor of 34 and v.
34
Let g(h) = 10*h - 19. Let f be g(3). What is the greatest common divisor of f and 11?
11
Let o(k) = 27*k + 1. Let j(u) = -u. Let a(p) = 6*j(p) - o(p). Let c be a(-1). What is the greatest common divisor of c and 8?
8
Suppose 14 = 4*c - v, 6 = -c - 4*v + 18. Suppose -2*k = -c - 14. What is the greatest common factor of k and 1?
1
Suppose -4*x + 14 = -10. Let l be 0/((-2)/(-2)*-2). Suppose -3*h - 10 = 2*t - 7*t, l = -5*h. What is the greatest common factor of x and t?
2
Let t(c) = -49*c - 4. Let d be t(-1). Calculate the highest common divisor of 18 and d.
9
Let p(j) = j + 30. Let v be p(0). Let x = -2 + v. Suppose 0 = k - 5*i + 19 - 48, -5*k + 73 = -i. Calculate the highest common divisor of x and k.
14
Let l be 0/((-4)/(-1 + -1)). Let f be (-8 - l)*-9*1. What is the highest common divisor of 18 and f?
18
Let b(v) = v**2 + 6*v - 12. Let w be b(8). Let c = -28 + 48. What is the highest common factor of c and w?
20
Suppose -l - 4*l = -250. Suppose 3*c = -u + 25, -3*u + 2*u + 30 = 4*c. What is the greatest common factor of u and l?
10
Let c(w) = w**2 - 3*w - 6. Let u be c(5). Let x(y) = y**2 - 5*y + 4. Let a be x(8). What is the greatest common divisor of a and u?
4
Let r(a) = a**2 - 12*a + 10. Let x be r(14). Calculate the highest common factor of 57 and x.
19
Suppose -4*m - j + 18 = 2*j, 5*m + 2*j = 19. Suppose m*b = 6*b - 96. What is the greatest common factor of 4 and b?
4
Let a(k) be the third derivative of k**4/24 + 2*k**3/3 + 2*k**2. Let n be a(0). Suppose -3 + 5 = 2*d. Calculate the highest common factor of d and n.
1
Suppose 3*u + u = 5*q - 504, -5*q = 5*u - 540. What is the highest common divisor of 13 and q?
13
Let c(v) = -v**2 + 7*v - 6. Let w be c(6). Let d = 6 + w. What is the greatest common factor of d and 18?
6
Let q(k) = -k**2 + 4*k + 1. Let b be q(-3). Let r = b - -21. What is the greatest common factor of 7 and r?
1
Suppose 5*u = 4*u + 40. Let z(s) = -s**2 + 2. Let x be z(2). Let k be (x + 1)/(1/(-8)). Calculate the highest common divisor of u and k.
8
Let f be 10*((-7 - -4) + (-9)/(-2)). What is the greatest common factor of 5 and f?
5
Let m(b) = b**2 - 5*b - 1. Let x be m(7). Let u = x + -9. Calculate the greatest common factor of u and 20.
4
Let d(q) = -q**2 - 8*q - 5. Let x be d(-5). What is the greatest common divisor of 20 and x?
10
Suppose -28 = -3*t - 2*h + 30, 5*h = -3*t + 46. Let q = -18 - -51. Calculate the highest common factor of q and t.
11
Suppose 845 - 233 = 4*c. What is the highest common factor of 9 and c?
9
Let i(h) be the third derivative of 1/24*h**4 + 0*h + 0 - h**2 + 5/6*h**3. Let g be i(0). Calculate the greatest common divisor of g and 35.
5
Suppose 2*h + 46 - 142 = 0. Suppose -2*r - 4*g = -64 - 16, 3*g + 148 = 5*r. What is the greatest common factor of h and r?
16
Let y = -18 + 23. Calculate the highest common divisor of 40 and y.
5
Suppose -4*j = -3*j - 23. Suppose 4*m + j - 3 = 0, -10 = -2*o - 2*m. Let w be ((-4)/(-3))/(o/15). Calculate the greatest common factor of w and 1.
1
Let h be 18/8 - (-3)/(-12). Suppose 3*m = 4*r + 56, -4*m = h*r + r - 83. Calculate the highest common divisor of m and 4.
4
Let z = 6 - -16. Suppose 2 = -3*v + 68. Calculate the greatest common factor of z and v.
22
Let f be -2 + 15 + -2 - 3. Let v = 3 + f. Calculate the greatest common divisor of v and 121.
11
Suppose 0 = -0*w + 3*w - 192. What is the highest common divisor of 8 and w?
8
Suppose 2*d - p - 8 = -0*d, 5*d = 5*p + 20. Suppose d*o = w + 14, -w + 9 = 4*o - 9. What is the greatest common factor of 4 and w?
2
Let q be 0 + (-1 + 0 - -1). Suppose q*h + 134 = h. Suppose 4 = 3*c + 19, 0 = -2*n - 2*c + h. Calculate the greatest common factor of n and 8.
8
Suppose -27 = 4*y - 147. What is the highest common divisor of 75 and y?
15
Let v(r) = 2*r. Let d be v(1). Suppose -2*g + p = -53, 4*g + 0*p - 4*p - 108 = 0. Let i = g - 4. What is the greatest common divisor of d and i?
2
Let f be (-1)/(2/20)*-1. Let c = f - 6. Suppose -c*v + 13 = 1. Calculate the greatest common divisor of 24 and v.
3
Suppose 4*i - 6*i + 2 = 0. Let s(x) = 4*x**3 + x - 1. Let n be s(i). Suppose n*g - 3*g - 16 = 0. Calculate the highest common factor of 16 and g.
16
Let j be (-6)/(-3 - 0) + 4. Let d = -3 + j. Let q(r) = 22*r - 1. Let g be q(1). What is the highest common factor of g and d?
3
Let z(k) = 2*k**2 - 3*k + 1. Let r be z(3). What is the highest common divisor of 30 and r?
10
Let j(c) = -c**2 + c + 2. Let k = 5 + -3. Let x be j(k). Suppose x = 5*w - 43 + 3. What is the greatest common divisor of w and 72?
8
Suppose 3 = -y - 0, -2*s - 5*y = -17. Let g(f) = -f**2 + f + 8. Let k be g(0). What is the greatest common factor of k and s?
8
Let o(n) = -n**3 + 3*n**2 + 6*n - 5. Let c be o(4). Let i(r) = -c*r + 3 - 2 + 2*r. Let x be i(-4). Calculate the highest common factor of x and 15.
5
Let j = -215 - -358. Calculate the greatest common divisor of 13 and j.
13
Suppose -3*j = -175 + 10. Let n be (-10)/25 - (-56)/(-10). Let k = n + 11. Calculate the highest common factor of k and j.
5
Let m(c) be the second derivative of -11*c**3/2 - 3*c**2/2 - c. Let i be m(-2). Let o = -196 + 205. Calculate the highest common divisor of i and o.
9
Suppose -5*z = -63 + 3. Calculate the greatest common divisor of z and 60.
12
Suppose 0 = 2*h + 3*h - 10. Suppose -16 = h*t - 44. Let n be 7/(-1*(-1)/5). What is the greatest common factor of n and t?
7
Let t be 1*4/2 + 2. Suppose -5*f + 2*g = -48, 44 = t*f + 5*g - 1. Calculate the highest common divisor of 20 and f.
10
Suppose -3*v + 154 = -v. Suppose 0 = 2*n - v - 11. Calculate the greatest common divisor of 4 and n.
4
Suppose -2*c + l = -52, -c + 6*c = 3*l + 130. What is the greatest common factor of c and 52?
26
Suppose -3*m = -8*m + 5*y + 35, -2*y - 4 = 0. What is the highest common factor of m and 20?
5
Suppose 2*y + 2 = 0, -f + 6 = -y - 7. Let l = 2 + 4. Suppose b - w - 35 = -l*w, 3*b = 3*w + 87. What is the highest common factor of f and b?
6
Suppose 5*o + 23 = 108. Suppose -r - 3*g - 7 + 1 = 0, -3*r - 2*g + o = 0. Calculate the highest common divisor of r and 81.
9
Let h be (-2)/6 + (-48)/(-9). Suppose 0 = -v + 2*m - 1, h*v = -m + 3 + 47. Calculate the highest common factor of v and 63.
9
Let c be (-57)/(-11) - (-4)/(-22). Let n be (1 - (0 + -1)) + c. Let q = -1 + n. What is the greatest common divisor of q and 48?
6
Let f be (-76)/28 + (-6)/21. Let m(v) = -2*v**3 - 3*v**2 + 2*v + 4. Let q be m(f). Calculate the greatest common factor of 225 and q.
25
Let k = -1 + 3. Suppose k = 4*g - 6. Suppose -3*p + 50 = g*p. What is the greatest common factor of p and 80?
10
Suppose 0 = -5*w + 3 + 2. Let q be 1/(2/42) + w. Suppose 8*y - 6*y = 4. Calculate the highest common factor of q and y.
2
Suppose 0 = 4*d - d - 36. Calculate the greatest common factor of d and 4.
4
Suppose 26 = 4*i - 3*v, -4*v + 7 = i - 9. What is the highest common factor of 12 and i?
4
Let o be (3/1)/(1 - 0). Let x = 1 + o. Calculate the greatest common divisor of x and 20.
4
Let n be 12 + 6/(-4 - -1). Let g be n/35 + (-150)/(-14). What is the greatest common factor of 99 and g?
11
Suppose -77 + 21 = -2*d. Calculate the greatest common factor of 4 and d.
4
Let w(g) = g**3 + 9*g**2 + 5*g - 9. Let q be w(-7). Calculate the highest common factor of q and 6.
6
Suppose 2*q - 2 = 4*z, 7*z + 1 = 3*q + 3*z. Let c be (-207)/(-36) - q/4. What is the highest common divisor of 2 and c?
2
Let s be (-1972)/(-36) - (-2)/9. Calculate the greatest common factor of 11 and s.
11
Let i(k) = 4*k**2 - 45*k + 27. Let h be i(11). What is the greatest common divisor of h and 144?
16
Let t be -4*((-8)/4 + 1). What is the highest common divisor of t and 44?
4
Suppose 2*d - 4 - 2 = 0. Suppose -2*n + 7 = 1. Suppose n - 9 = -t. What is the greatest common factor of d and t?
3
Let i(n) = 2*n**2 + 6*n - 40. Let j be i(-8). Calculate the greatest common divisor of j and 8.
8
